{"id":3104,"date":"2016-03-16T11:50:35","date_gmt":"2016-03-16T10:50:35","guid":{"rendered":"http:\/\/http:\/\/www.vie-artive.com\/wp-content\/uploads\/2016\/03\/masque-7.jpg"},"modified":"2016-03-16T11:50:35","modified_gmt":"2016-03-16T10:50:35","slug":"masque-7-2","status":"inherit","type":"attachment","link":"https:\/\/www.vie-artive.com\/en\/masque-7-2\/","title":{"rendered":"masque-7"},"author":1,"featured_media":0,"comment_status":"open","ping_status":"closed","template":"","meta":[],"class_list":["post-3104","attachment","type-attachment","status-inherit","hentry"],"yoast_head":"<!-- This site is optimized with the Yoast SEO plugin v27.5 - https:\/\/yoast.com\/product\/yoast-seo-wordpress\/ -->\n<title>masque-7 - vie artive<\/title>\n<meta name=\"robots\" content=\"index, follow, max-snippet:-1, max-image-preview:large, max-video-preview:-1\" \/>\n<link rel=\"canonical\" href=\"https:\/\/www.vie-artive.com\/wp-content\/uploads\/2016\/03\/masque-7.jpg\" \/>\n<meta property=\"og:locale\" content=\"en_US\" \/>\n<meta property=\"og:type\" content=\"article\" \/>\n<meta property=\"og:title\" content=\"masque-7 - vie artive\" \/>\n<meta property=\"og:description\" content=\"r\u00e9interpr\u00e9tation d&#039;un masque de danse Wabemb\u00e9Read more\" \/>\n<meta property=\"og:url\" content=\"https:\/\/www.vie-artive.com\/wp-content\/uploads\/2016\/03\/masque-7.jpg\" \/>\n<meta property=\"og:site_name\" content=\"vie artive\" \/>\n<meta property=\"article:publisher\" content=\"https:\/\/www.facebook.com\/vieartive.v.egloff\/\" \/>\n<meta property=\"og:image\" content=\"https:\/\/www.vie-artive.com\/wp-content\/uploads\/2016\/03\/masque-7.jpg\" \/>\n\t<meta property=\"og:image:width\" content=\"450\" \/>\n\t<meta property=\"og:image:height\" content=\"600\" \/>\n\t<meta property=\"og:image:type\" content=\"image\/jpeg\" \/>\n<meta name=\"twitter:card\" content=\"summary_large_image\" \/>\n<script type=\"application\/ld+json\" class=\"yoast-schema-graph\">{\"@context\":\"https:\\\/\\\/schema.org\",\"@graph\":[{\"@type\":\"WebPage\",\"@id\":\"https:\\\/\\\/www.vie-artive.com\\\/wp-content\\\/uploads\\\/2016\\\/03\\\/masque-7.jpg\",\"url\":\"https:\\\/\\\/www.vie-artive.com\\\/wp-content\\\/uploads\\\/2016\\\/03\\\/masque-7.jpg\",\"name\":\"masque-7 - vie artive\",\"isPartOf\":{\"@id\":\"https:\\\/\\\/www.vie-artive.com\\\/#website\"},\"datePublished\":\"2016-03-16T10:50:35+00:00\",\"breadcrumb\":{\"@id\":\"https:\\\/\\\/www.vie-artive.com\\\/wp-content\\\/uploads\\\/2016\\\/03\\\/masque-7.jpg#breadcrumb\"},\"inLanguage\":\"en-US\",\"potentialAction\":[{\"@type\":\"ReadAction\",\"target\":[\"https:\\\/\\\/www.vie-artive.com\\\/wp-content\\\/uploads\\\/2016\\\/03\\\/masque-7.jpg\"]}]},{\"@type\":\"BreadcrumbList\",\"@id\":\"https:\\\/\\\/www.vie-artive.com\\\/wp-content\\\/uploads\\\/2016\\\/03\\\/masque-7.jpg#breadcrumb\",\"itemListElement\":[{\"@type\":\"ListItem\",\"position\":1,\"name\":\"Accueil\",\"item\":\"https:\\\/\\\/www.vie-artive.com\\\/en\\\/\"},{\"@type\":\"ListItem\",\"position\":2,\"name\":\"masque-7\"}]},{\"@type\":\"WebSite\",\"@id\":\"https:\\\/\\\/www.vie-artive.com\\\/#website\",\"url\":\"https:\\\/\\\/www.vie-artive.com\\\/\",\"name\":\"vie artive\",\"description\":\"art visuel-cr\u00e9ativit\u00e9-soci\u00e9t\u00e9\",\"potentialAction\":[{\"@type\":\"SearchAction\",\"target\":{\"@type\":\"EntryPoint\",\"urlTemplate\":\"https:\\\/\\\/www.vie-artive.com\\\/?s={search_term_string}\"},\"query-input\":{\"@type\":\"PropertyValueSpecification\",\"valueRequired\":true,\"valueName\":\"search_term_string\"}}],\"inLanguage\":\"en-US\"}]}<\/script>\n<!-- \/ Yoast SEO plugin. -->","yoast_head_json":{"title":"masque-7 - vie artive","robots":{"index":"index","follow":"follow","max-snippet":"max-snippet:-1","max-image-preview":"max-image-preview:large","max-video-preview":"max-video-preview:-1"},"canonical":"https:\/\/www.vie-artive.com\/wp-content\/uploads\/2016\/03\/masque-7.jpg","og_locale":"en_US","og_type":"article","og_title":"masque-7 - vie artive","og_description":"r\u00e9interpr\u00e9tation d'un masque de danse Wabemb\u00e9Read more","og_url":"https:\/\/www.vie-artive.com\/wp-content\/uploads\/2016\/03\/masque-7.jpg","og_site_name":"vie artive","article_publisher":"https:\/\/www.facebook.com\/vieartive.v.egloff\/","og_image":[{"width":450,"height":600,"url":"https:\/\/www.vie-artive.com\/wp-content\/uploads\/2016\/03\/masque-7.jpg","type":"image\/jpeg"}],"twitter_card":"summary_large_image","schema":{"@context":"https:\/\/schema.org","@graph":[{"@type":"WebPage","@id":"https:\/\/www.vie-artive.com\/wp-content\/uploads\/2016\/03\/masque-7.jpg","url":"https:\/\/www.vie-artive.com\/wp-content\/uploads\/2016\/03\/masque-7.jpg","name":"masque-7 - vie artive","isPartOf":{"@id":"https:\/\/www.vie-artive.com\/#website"},"datePublished":"2016-03-16T10:50:35+00:00","breadcrumb":{"@id":"https:\/\/www.vie-artive.com\/wp-content\/uploads\/2016\/03\/masque-7.jpg#breadcrumb"},"inLanguage":"en-US","potentialAction":[{"@type":"ReadAction","target":["https:\/\/www.vie-artive.com\/wp-content\/uploads\/2016\/03\/masque-7.jpg"]}]},{"@type":"BreadcrumbList","@id":"https:\/\/www.vie-artive.com\/wp-content\/uploads\/2016\/03\/masque-7.jpg#breadcrumb","itemListElement":[{"@type":"ListItem","position":1,"name":"Accueil","item":"https:\/\/www.vie-artive.com\/en\/"},{"@type":"ListItem","position":2,"name":"masque-7"}]},{"@type":"WebSite","@id":"https:\/\/www.vie-artive.com\/#website","url":"https:\/\/www.vie-artive.com\/","name":"vie artive","description":"art visuel-cr\u00e9ativit\u00e9-soci\u00e9t\u00e9","potentialAction":[{"@type":"SearchAction","target":{"@type":"EntryPoint","urlTemplate":"https:\/\/www.vie-artive.com\/?s={search_term_string}"},"query-input":{"@type":"PropertyValueSpecification","valueRequired":true,"valueName":"search_term_string"}}],"inLanguage":"en-US"}]}},"description":{"rendered":"<p class=\"attachment\"><a href='https:\/\/www.vie-artive.com\/wp-content\/uploads\/2016\/03\/masque-7.jpg'><img loading=\"lazy\" decoding=\"async\" width=\"225\" height=\"300\" src=\"https:\/\/www.vie-artive.com\/wp-content\/uploads\/2016\/03\/masque-7-225x300.jpg\" class=\"attachment-medium size-medium\" alt=\"\" srcset=\"https:\/\/www.vie-artive.com\/wp-content\/uploads\/2016\/03\/masque-7-225x300.jpg 225w, https:\/\/www.vie-artive.com\/wp-content\/uploads\/2016\/03\/masque-7.jpg 450w\" sizes=\"auto, (max-width: 225px) 100vw, 225px\" \/><\/a><\/p>\n"},"caption":{"rendered":"<p>r\u00e9interpr\u00e9tation d&#8217;un masque de danse  Wabemb\u00e9<a href=\"https:\/\/www.vie-artive.com\/en\/masque-7-2\/\" class=\"button-md bg-black align-center read-more\">Read more<\/a><\/p>\n"},"alt_text":"","media_type":"image","mime_type":"image\/jpeg","media_details":{"width":450,"height":600,"file":"2016\/03\/masque-7.jpg","sizes":{"thumbnail":{"file":"masque-7-150x150.jpg","width":150,"height":150,"mime_type":"image\/jpeg","source_url":"https:\/\/www.vie-artive.com\/wp-content\/uploads\/2016\/03\/masque-7-150x150.jpg"},"medium":{"file":"masque-7-225x300.jpg","width":225,"height":300,"mime_type":"image\/jpeg","source_url":"https:\/\/www.vie-artive.com\/wp-content\/uploads\/2016\/03\/masque-7-225x300.jpg"},"post-thumbnail":{"file":"masque-7-450x510.jpg","width":450,"height":510,"mime_type":"image\/jpeg","source_url":"https:\/\/www.vie-artive.com\/wp-content\/uploads\/2016\/03\/masque-7-450x510.jpg"},"blog-thumb":{"file":"masque-7-450x510.jpg","width":450,"height":510,"mime_type":"image\/jpeg","source_url":"https:\/\/www.vie-artive.com\/wp-content\/uploads\/2016\/03\/masque-7-450x510.jpg"},"portfolio-thumb":{"file":"masque-7-420x420.jpg","width":420,"height":420,"mime_type":"image\/jpeg","source_url":"https:\/\/www.vie-artive.com\/wp-content\/uploads\/2016\/03\/masque-7-420x420.jpg"},"portfolio-long":{"file":"masque-7-400x600.jpg","width":400,"height":600,"mime_type":"image\/jpeg","source_url":"https:\/\/www.vie-artive.com\/wp-content\/uploads\/2016\/03\/masque-7-400x600.jpg"},"full":{"file":"masque-7.jpg","width":450,"height":600,"mime_type":"image\/jpeg","source_url":"https:\/\/www.vie-artive.com\/wp-content\/uploads\/2016\/03\/masque-7.jpg"}},"image_meta":{"aperture":"0","credit":"","camera":"","caption":"","created_timestamp":"0","copyright":"","focal_length":"0","iso":"0","shutter_speed":"0","title":"","orientation":"0","keywords":[]}},"post":null,"source_url":"https:\/\/www.vie-artive.com\/wp-content\/uploads\/2016\/03\/masque-7.jpg","_links":{"self":[{"href":"https:\/\/www.vie-artive.com\/en\/wp-json\/wp\/v2\/media\/3104","targetHints":{"allow":["GET"]}}],"collection":[{"href":"https:\/\/www.vie-artive.com\/en\/wp-json\/wp\/v2\/media"}],"about":[{"href":"https:\/\/www.vie-artive.com\/en\/wp-json\/wp\/v2\/types\/attachment"}],"author":[{"embeddable":true,"href":"https:\/\/www.vie-artive.com\/en\/wp-json\/wp\/v2\/users\/1"}],"replies":[{"embeddable":true,"href":"https:\/\/www.vie-artive.com\/en\/wp-json\/wp\/v2\/comments?post=3104"}]}}

<!-- This site is optimized with the Yoast SEO plugin v27.5 - https://yoast.com/product/yoast-seo-wordpress/ -->
<title>masque-7 - vie artive</title>
<meta name="robots" content="index, follow, max-snippet:-1, max-image-preview:large, max-video-preview:-1" />
<link rel="canonical" href="https://www.vie-artive.com/wp-content/uploads/2016/03/masque-7.jpg" />
<meta property="og:locale" content="en_US" />
<meta property="og:type" content="article" />
<meta property="og:title" content="masque-7 - vie artive" />
<meta property="og:description" content="réinterprétation d&#039;un masque de danse WabembéRead more" />
<meta property="og:url" content="https://www.vie-artive.com/wp-content/uploads/2016/03/masque-7.jpg" />
<meta property="og:site_name" content="vie artive" />
<meta property="article:publisher" content="https://www.facebook.com/vieartive.v.egloff/" />
<meta property="og:image" content="https://www.vie-artive.com/wp-content/uploads/2016/03/masque-7.jpg" />
	<meta property="og:image:width" content="450" />
	<meta property="og:image:height" content="600" />
	<meta property="og:image:type" content="image/jpeg" />
<meta name="twitter:card" content="summary_large_image" />
<script type="application/ld+json" class="yoast-schema-graph">{"@context":"https:\/\/schema.org","@graph":[{"@type":"WebPage","@id":"https:\/\/www.vie-artive.com\/wp-content\/uploads\/2016\/03\/masque-7.jpg","url":"https:\/\/www.vie-artive.com\/wp-content\/uploads\/2016\/03\/masque-7.jpg","name":"masque-7 - vie artive","isPartOf":{"@id":"https:\/\/www.vie-artive.com\/#website"},"datePublished":"2016-03-16T10:50:35+00:00","breadcrumb":{"@id":"https:\/\/www.vie-artive.com\/wp-content\/uploads\/2016\/03\/masque-7.jpg#breadcrumb"},"inLanguage":"en-US","potentialAction":[{"@type":"ReadAction","target":["https:\/\/www.vie-artive.com\/wp-content\/uploads\/2016\/03\/masque-7.jpg"]}]},{"@type":"BreadcrumbList","@id":"https:\/\/www.vie-artive.com\/wp-content\/uploads\/2016\/03\/masque-7.jpg#breadcrumb","itemListElement":[{"@type":"ListItem","position":1,"name":"Accueil","item":"https:\/\/www.vie-artive.com\/en\/"},{"@type":"ListItem","position":2,"name":"masque-7"}]},{"@type":"WebSite","@id":"https:\/\/www.vie-artive.com\/#website","url":"https:\/\/www.vie-artive.com\/","name":"vie artive","description":"art visuel-créativité-société","potentialAction":[{"@type":"SearchAction","target":{"@type":"EntryPoint","urlTemplate":"https:\/\/www.vie-artive.com\/?s={search_term_string}"},"query-input":{"@type":"PropertyValueSpecification","valueRequired":true,"valueName":"search_term_string"}}],"inLanguage":"en-US"}]}</script>
<!-- / Yoast SEO plugin. -->

réinterprétation d'un masque de danse WabembéRead more

art visuel-créativité-société

<p>réinterprétation d&#8217;un masque de danse  Wabembé<a href="https://www.vie-artive.com/en/masque-7-2/" class="button-md bg-black align-center read-more">Read more</a></p>
