{"id":3150,"date":"2016-04-24T19:41:45","date_gmt":"2016-04-24T17:41:45","guid":{"rendered":"http:\/\/www.vie-artive.com\/wp-content\/uploads\/2016\/04\/insecte.gif"},"modified":"2016-04-24T19:41:45","modified_gmt":"2016-04-24T17:41:45","slug":"insecte-9","status":"inherit","type":"attachment","link":"https:\/\/www.vie-artive.com\/en\/insecte-9\/","title":{"rendered":"insecte cr\u00e9\u00e9 avec de petits objets recycl\u00e9s"},"author":1,"featured_media":0,"comment_status":"open","ping_status":"closed","template":"","meta":[],"class_list":["post-3150","attachment","type-attachment","status-inherit","hentry"],"yoast_head":"<!-- This site is optimized with the Yoast SEO plugin v27.5 - https:\/\/yoast.com\/product\/yoast-seo-wordpress\/ -->\n<title>insecte cr\u00e9\u00e9 avec de petits objets recycl\u00e9s - vie artive<\/title>\n<meta name=\"robots\" content=\"index, follow, max-snippet:-1, max-image-preview:large, max-video-preview:-1\" \/>\n<link rel=\"canonical\" href=\"https:\/\/www.vie-artive.com\/wp-content\/uploads\/2016\/04\/insecte.gif\" \/>\n<meta property=\"og:locale\" content=\"en_US\" \/>\n<meta property=\"og:type\" content=\"article\" \/>\n<meta property=\"og:title\" content=\"insecte cr\u00e9\u00e9 avec de petits objets recycl\u00e9s - vie artive\" \/>\n<meta property=\"og:description\" content=\"insecte cr\u00e9\u00e9 avec de petits objets recycl\u00e9sRead more\" \/>\n<meta property=\"og:url\" content=\"https:\/\/www.vie-artive.com\/wp-content\/uploads\/2016\/04\/insecte.gif\" \/>\n<meta property=\"og:site_name\" content=\"vie artive\" \/>\n<meta property=\"article:publisher\" content=\"https:\/\/www.facebook.com\/vieartive.v.egloff\/\" \/>\n<meta property=\"og:image\" content=\"https:\/\/www.vie-artive.com\/wp-content\/uploads\/2016\/04\/insecte.gif\" \/>\n\t<meta property=\"og:image:width\" content=\"360\" \/>\n\t<meta property=\"og:image:height\" content=\"340\" \/>\n\t<meta property=\"og:image:type\" content=\"image\/gif\" \/>\n<meta name=\"twitter:card\" content=\"summary_large_image\" \/>\n<script type=\"application\/ld+json\" class=\"yoast-schema-graph\">{\"@context\":\"https:\\\/\\\/schema.org\",\"@graph\":[{\"@type\":\"WebPage\",\"@id\":\"https:\\\/\\\/www.vie-artive.com\\\/wp-content\\\/uploads\\\/2016\\\/04\\\/insecte.gif\",\"url\":\"https:\\\/\\\/www.vie-artive.com\\\/wp-content\\\/uploads\\\/2016\\\/04\\\/insecte.gif\",\"name\":\"insecte cr\u00e9\u00e9 avec de petits objets recycl\u00e9s - vie artive\",\"isPartOf\":{\"@id\":\"https:\\\/\\\/www.vie-artive.com\\\/#website\"},\"datePublished\":\"2016-04-24T17:41:45+00:00\",\"breadcrumb\":{\"@id\":\"https:\\\/\\\/www.vie-artive.com\\\/wp-content\\\/uploads\\\/2016\\\/04\\\/insecte.gif#breadcrumb\"},\"inLanguage\":\"en-US\",\"potentialAction\":[{\"@type\":\"ReadAction\",\"target\":[\"https:\\\/\\\/www.vie-artive.com\\\/wp-content\\\/uploads\\\/2016\\\/04\\\/insecte.gif\"]}]},{\"@type\":\"BreadcrumbList\",\"@id\":\"https:\\\/\\\/www.vie-artive.com\\\/wp-content\\\/uploads\\\/2016\\\/04\\\/insecte.gif#breadcrumb\",\"itemListElement\":[{\"@type\":\"ListItem\",\"position\":1,\"name\":\"Accueil\",\"item\":\"https:\\\/\\\/www.vie-artive.com\\\/en\\\/\"},{\"@type\":\"ListItem\",\"position\":2,\"name\":\"insecte cr\u00e9\u00e9 avec de petits objets recycl\u00e9s\"}]},{\"@type\":\"WebSite\",\"@id\":\"https:\\\/\\\/www.vie-artive.com\\\/#website\",\"url\":\"https:\\\/\\\/www.vie-artive.com\\\/\",\"name\":\"vie artive\",\"description\":\"art visuel-cr\u00e9ativit\u00e9-soci\u00e9t\u00e9\",\"potentialAction\":[{\"@type\":\"SearchAction\",\"target\":{\"@type\":\"EntryPoint\",\"urlTemplate\":\"https:\\\/\\\/www.vie-artive.com\\\/?s={search_term_string}\"},\"query-input\":{\"@type\":\"PropertyValueSpecification\",\"valueRequired\":true,\"valueName\":\"search_term_string\"}}],\"inLanguage\":\"en-US\"}]}<\/script>\n<!-- \/ Yoast SEO plugin. -->","yoast_head_json":{"title":"insecte cr\u00e9\u00e9 avec de petits objets recycl\u00e9s - vie artive","robots":{"index":"index","follow":"follow","max-snippet":"max-snippet:-1","max-image-preview":"max-image-preview:large","max-video-preview":"max-video-preview:-1"},"canonical":"https:\/\/www.vie-artive.com\/wp-content\/uploads\/2016\/04\/insecte.gif","og_locale":"en_US","og_type":"article","og_title":"insecte cr\u00e9\u00e9 avec de petits objets recycl\u00e9s - vie artive","og_description":"insecte cr\u00e9\u00e9 avec de petits objets recycl\u00e9sRead more","og_url":"https:\/\/www.vie-artive.com\/wp-content\/uploads\/2016\/04\/insecte.gif","og_site_name":"vie artive","article_publisher":"https:\/\/www.facebook.com\/vieartive.v.egloff\/","og_image":[{"width":360,"height":340,"url":"https:\/\/www.vie-artive.com\/wp-content\/uploads\/2016\/04\/insecte.gif","type":"image\/gif"}],"twitter_card":"summary_large_image","schema":{"@context":"https:\/\/schema.org","@graph":[{"@type":"WebPage","@id":"https:\/\/www.vie-artive.com\/wp-content\/uploads\/2016\/04\/insecte.gif","url":"https:\/\/www.vie-artive.com\/wp-content\/uploads\/2016\/04\/insecte.gif","name":"insecte cr\u00e9\u00e9 avec de petits objets recycl\u00e9s - vie artive","isPartOf":{"@id":"https:\/\/www.vie-artive.com\/#website"},"datePublished":"2016-04-24T17:41:45+00:00","breadcrumb":{"@id":"https:\/\/www.vie-artive.com\/wp-content\/uploads\/2016\/04\/insecte.gif#breadcrumb"},"inLanguage":"en-US","potentialAction":[{"@type":"ReadAction","target":["https:\/\/www.vie-artive.com\/wp-content\/uploads\/2016\/04\/insecte.gif"]}]},{"@type":"BreadcrumbList","@id":"https:\/\/www.vie-artive.com\/wp-content\/uploads\/2016\/04\/insecte.gif#breadcrumb","itemListElement":[{"@type":"ListItem","position":1,"name":"Accueil","item":"https:\/\/www.vie-artive.com\/en\/"},{"@type":"ListItem","position":2,"name":"insecte cr\u00e9\u00e9 avec de petits objets recycl\u00e9s"}]},{"@type":"WebSite","@id":"https:\/\/www.vie-artive.com\/#website","url":"https:\/\/www.vie-artive.com\/","name":"vie artive","description":"art visuel-cr\u00e9ativit\u00e9-soci\u00e9t\u00e9","potentialAction":[{"@type":"SearchAction","target":{"@type":"EntryPoint","urlTemplate":"https:\/\/www.vie-artive.com\/?s={search_term_string}"},"query-input":{"@type":"PropertyValueSpecification","valueRequired":true,"valueName":"search_term_string"}}],"inLanguage":"en-US"}]}},"description":{"rendered":"<p class=\"attachment\"><a href='https:\/\/www.vie-artive.com\/wp-content\/uploads\/2016\/04\/insecte.gif'><img loading=\"lazy\" decoding=\"async\" width=\"300\" height=\"283\" src=\"https:\/\/www.vie-artive.com\/wp-content\/uploads\/2016\/04\/insecte-300x283.gif\" class=\"attachment-medium size-medium\" alt=\"\" \/><\/a><\/p>\n"},"caption":{"rendered":"<p>insecte cr\u00e9\u00e9 avec de petits objets recycl\u00e9s<a href=\"https:\/\/www.vie-artive.com\/en\/insecte-9\/\" class=\"button-md bg-black align-center read-more\">Read more<\/a><\/p>\n"},"alt_text":"","media_type":"image","mime_type":"image\/gif","media_details":{"width":360,"height":340,"file":"2016\/04\/insecte.gif","sizes":{"thumbnail":{"file":"insecte-150x150.gif","width":150,"height":150,"mime_type":"image\/gif","source_url":"https:\/\/www.vie-artive.com\/wp-content\/uploads\/2016\/04\/insecte-150x150.gif"},"medium":{"file":"insecte-300x283.gif","width":300,"height":283,"mime_type":"image\/gif","source_url":"https:\/\/www.vie-artive.com\/wp-content\/uploads\/2016\/04\/insecte-300x283.gif"},"full":{"file":"insecte.gif","width":360,"height":340,"mime_type":"image\/gif","source_url":"https:\/\/www.vie-artive.com\/wp-content\/uploads\/2016\/04\/insecte.gif"}},"image_meta":{"aperture":"0","credit":"","camera":"","caption":"","created_timestamp":"0","copyright":"","focal_length":"0","iso":"0","shutter_speed":"0","title":"","orientation":"0","keywords":[]}},"post":null,"source_url":"https:\/\/www.vie-artive.com\/wp-content\/uploads\/2016\/04\/insecte.gif","_links":{"self":[{"href":"https:\/\/www.vie-artive.com\/en\/wp-json\/wp\/v2\/media\/3150","targetHints":{"allow":["GET"]}}],"collection":[{"href":"https:\/\/www.vie-artive.com\/en\/wp-json\/wp\/v2\/media"}],"about":[{"href":"https:\/\/www.vie-artive.com\/en\/wp-json\/wp\/v2\/types\/attachment"}],"author":[{"embeddable":true,"href":"https:\/\/www.vie-artive.com\/en\/wp-json\/wp\/v2\/users\/1"}],"replies":[{"embeddable":true,"href":"https:\/\/www.vie-artive.com\/en\/wp-json\/wp\/v2\/comments?post=3150"}]}}

insecte créé avec de petits objets recyclés

<!-- This site is optimized with the Yoast SEO plugin v27.5 - https://yoast.com/product/yoast-seo-wordpress/ -->
<title>insecte créé avec de petits objets recyclés - vie artive</title>
<meta name="robots" content="index, follow, max-snippet:-1, max-image-preview:large, max-video-preview:-1" />
<link rel="canonical" href="https://www.vie-artive.com/wp-content/uploads/2016/04/insecte.gif" />
<meta property="og:locale" content="en_US" />
<meta property="og:type" content="article" />
<meta property="og:title" content="insecte créé avec de petits objets recyclés - vie artive" />
<meta property="og:description" content="insecte créé avec de petits objets recyclésRead more" />
<meta property="og:url" content="https://www.vie-artive.com/wp-content/uploads/2016/04/insecte.gif" />
<meta property="og:site_name" content="vie artive" />
<meta property="article:publisher" content="https://www.facebook.com/vieartive.v.egloff/" />
<meta property="og:image" content="https://www.vie-artive.com/wp-content/uploads/2016/04/insecte.gif" />
	<meta property="og:image:width" content="360" />
	<meta property="og:image:height" content="340" />
	<meta property="og:image:type" content="image/gif" />
<meta name="twitter:card" content="summary_large_image" />
<script type="application/ld+json" class="yoast-schema-graph">{"@context":"https:\/\/schema.org","@graph":[{"@type":"WebPage","@id":"https:\/\/www.vie-artive.com\/wp-content\/uploads\/2016\/04\/insecte.gif","url":"https:\/\/www.vie-artive.com\/wp-content\/uploads\/2016\/04\/insecte.gif","name":"insecte créé avec de petits objets recyclés - vie artive","isPartOf":{"@id":"https:\/\/www.vie-artive.com\/#website"},"datePublished":"2016-04-24T17:41:45+00:00","breadcrumb":{"@id":"https:\/\/www.vie-artive.com\/wp-content\/uploads\/2016\/04\/insecte.gif#breadcrumb"},"inLanguage":"en-US","potentialAction":[{"@type":"ReadAction","target":["https:\/\/www.vie-artive.com\/wp-content\/uploads\/2016\/04\/insecte.gif"]}]},{"@type":"BreadcrumbList","@id":"https:\/\/www.vie-artive.com\/wp-content\/uploads\/2016\/04\/insecte.gif#breadcrumb","itemListElement":[{"@type":"ListItem","position":1,"name":"Accueil","item":"https:\/\/www.vie-artive.com\/en\/"},{"@type":"ListItem","position":2,"name":"insecte créé avec de petits objets recyclés"}]},{"@type":"WebSite","@id":"https:\/\/www.vie-artive.com\/#website","url":"https:\/\/www.vie-artive.com\/","name":"vie artive","description":"art visuel-créativité-société","potentialAction":[{"@type":"SearchAction","target":{"@type":"EntryPoint","urlTemplate":"https:\/\/www.vie-artive.com\/?s={search_term_string}"},"query-input":{"@type":"PropertyValueSpecification","valueRequired":true,"valueName":"search_term_string"}}],"inLanguage":"en-US"}]}</script>
<!-- / Yoast SEO plugin. -->

insecte créé avec de petits objets recyclés - vie artive

insecte créé avec de petits objets recyclésRead more

art visuel-créativité-société

<p>insecte créé avec de petits objets recyclés<a href="https://www.vie-artive.com/en/insecte-9/" class="button-md bg-black align-center read-more">Read more</a></p>
